se -4*g - l = -9*g. Suppose g*w = s - w - 1, -2*s = -4*w - 4. What are the prime factors of s?
2
Let f(q) = q**3 + 26*q**2 - 34*q + 10. List the prime factors of f(-27).
199
Let v(b) = -b + 4. Let x be v(0). Suppose -4*t + 16 = 4*u, x*u - 8 = -0. List the prime factors of t.
2
Let c = 34 + -31. What are the prime factors of c?
3
Let t = 5 + -2. Let o = 5 - t. What are the prime factors of o?
2
Let u = -217 - -528. What are the prime factors of u?
311
Suppose -3*a = -4*g + 1 - 7, 4*a - 8 = 2*g. Suppose -5*l + 2*l + 12 = g. Let h(v) = -v**3 + 4*v**2 + v - 2. What are the prime factors of h(l)?
2
Suppose -202 = -3*y - o, 0 = -3*y - 5*o + 272 - 66. What are the prime factors of y?
67
Let r(l) = -l**3 - l. Let f be r(0). Let v = 6 + f. List the prime factors of v.
2, 3
Let b = 7 + -7. Suppose -5*h + 10 = -b*h. What are the prime factors of h?
2
Let i = 4 - -5. Suppose i = 6*n - 3*n. List the prime factors of n.
3
Let o(t) = -2*t - 5. Let d(z) = -3*z - 11. Let b(c) = 3*d(c) - 5*o(c). Let j be b(0). What are the prime factors of j/(-4) - (0 - 1)?
3
Let o(u) = -9 + 0*u**2 + 10 - 2*u**2 + 6*u**3. Let a be o(1). Let p(j) = 3*j - 5. List the prime factors of p(a).
2, 5
Suppose 0 = -4*q + 42 + 54. List the prime factors of q.
2, 3
Suppose 3*i + 4*s = 166, 3*i - s - 161 = -6*s. Suppose f + i = 3*f. What are the prime factors of f?
31
Suppose -g - 3*v = 11, -18 = 4*g + 4*v - 6. Let c be g/((-2)/((-126)/3)). Suppose -l - c = -4*l. What are the prime factors of l?
7
Suppose -2*j - 2 + 22 = 0. List the prime factors of j.
2, 5
Let j be 3/1*(-4)/(-3). Suppose j*u = -0*u + 40. Let r = u - 5. What are the prime factors of r?
5
Suppose 4*v + 4*t - 812 = 0, -v - 5*t + 6*t + 209 = 0. What are the prime factors of v?
2, 103
Let u(y) = y**2 - 5*y - 2. Let o be u(6). Let d = o - -5. What are the prime factors of d?
3
What are the prime factors of (5/3)/(4/60)?
5
Suppose 0 = -g + 18 + 24. Suppose -7*m + 5*m = -g. What are the prime factors of m?
3, 7
Let b be (4 - 0)*(-98)/28. List the prime factors of (-60)/b*14/3.
2, 5
Let a(r) = 7*r**2 + r + 2. List the prime factors of a(-1).
2
Suppose 52 = -6*j + 298. What are the prime factors of j?
41
Let a(v) = -v**3 + 9*v**2 + 10*v + 7. Suppose 0 = 5*c - c - 40. What are the prime factors of a(c)?
7
Let b(h) = -h**3 + h**2 - 2*h + 3. Let p be b(2). Let n = p - -9. Suppose 3*u + z + 0*z = 19, -n*z = 5*u - 20. What are the prime factors of u?
2
Let g(d) = -d**3 + 6*d**2 + 2*d - 9. Let r be g(6). Suppose 0 = -3*o - r, 3*l + o = -2*l + 159. What are the prime factors of l?
2
Suppose 0 = 4*i + 8, -z + 2*i = z + 32. Let f = z + 49. Let p = 45 - f. List the prime factors of p.
2, 7
List the prime factors of (-116)/(-6)*(-15)/(-5).
2, 29
What are the prime factors of (2 - -18)/((-5)/(-10))?
2, 5
Let l(m) = m - 2. Let u be l(2). Suppose 3*p - 59 + 8 = u. What are the prime factors of p?
17
List the prime factors of 136 - ((-3)/5)/(18/(-90)).
7, 19
Let g(l) = 8*l**2 + l - 1. Let w(o) be the second derivative of o**3/6 + 3*o**2 - o. Let v be w(-5). List the prime factors of g(v).
2
Let q = 80 - -7. List the prime factors of q.
3, 29
Suppose 2*y - 16 = 160. List the prime factors of y.
2, 11
Let k be (-20)/(-12) - 2/(-6). Let g = 2 + 1. Suppose -3*p + 18 = 2*t, 0*p - 22 = -g*t - k*p. List the prime factors of t.
2, 3
Let m = 4 - 7. Let a = m - -7. Suppose -4*q - 50 = -5*t, a*t + 29 - 78 = 5*q. List the prime factors of t.
2, 3
Let z = -5 - -9. Let c(t) = 4*t. Let h be c(z). Suppose 0 = -2*n + j + h, -28 = -0*n - 4*n + 3*j. List the prime factors of n.
2, 5
Let x = 3 - 8. Let n(c) = c**3 + 4*c**2 - 6*c - 3. List the prime factors of n(x).
2
Suppose 0 = -0*o - o - 4*j - 8, -61 = -3*o + 5*j. What are the prime factors of o?
2, 3
Let p(j) = 3*j - 1. What are the prime factors of p(9)?
2, 13
Suppose r = 2 + 59. List the prime factors of r.
61
Suppose 0 = 2*n + 21 - 7. Let j = n - -9. Suppose -2*u + 31 = 3*g + j*g, 36 = 3*u + 4*g. List the prime factors of u.
2
Let c = -1 + 1. Let a be (3 - -14) + c + 3. What are the prime factors of a/70 + (-24)/(-14)?
2
Let r(w) = 3*w**3 - 3*w**2 + 2*w. Let a be r(2). Let j = a - 27. Let l = j + 19. List the prime factors of l.
2
Let t(s) = -s**3 - 8*s**2 - 6*s + 4. Let f be t(-7). Let c(i) = -4*i + 2. What are the prime factors of c(f)?
2, 7
Let h be (3 - 0)*(-12)/(-9). Suppose -l + 44 = -h*q + 3*l, -3*q = 4*l + 12. Let s = 15 + q. What are the prime factors of s?
7
Let v be (-3 + 1)/(4/(-8)). Suppose -2*q - 3*n = -v*q + 11, 16 = q + 2*n. What are the prime factors of q?
2, 5
Let h(m) = -2*m + 38. What are the prime factors of h(0)?
2, 19
Let l(t) be the third derivative of -t**4/12 + t**3/3 - 2*t**2. Let n be l(2). What are the prime factors of 2 + n/2 - -7?
2
Suppose 0*u - 6 = -2*u. Suppose -u*j - 34 = -13. Let r = j - -10. What are the prime factors of r?
3
Suppose -3*b + 5 = -2*b + 4*d, 0 = -3*d. Suppose -b*n - 33 = -3. Let w(o) = -o**3 - 6*o**2 - o + 1. List the prime factors of w(n).
7
List the prime factors of 2/((-932)/468 + 2).
2, 3, 13
Suppose -44*v = -43*v - 51. List the prime factors of v.
3, 17
Let s(o) = -o + 4. Let t be s(5). What are the prime factors of -8*14*t/8?
2, 7
Let k(t) = -10*t + 23. List the prime factors of k(-6).
83
Let v(h) = 3*h**2 + 4*h - 7. What are the prime factors of v(3)?
2
Suppose -4*i = 2 + 2. Let q be 0/(i + (0 - -2)). List the prime factors of (9 - q)/((-3)/(-4)).
2, 3
Suppose -130 = -6*w + 86. What are the prime factors of w?
2, 3
Let d(b) = -b**3 - 7*b**2 - b - 4. Let z(g) = -4*g + 1. Let u be z(2). What are the prime factors of d(u)?
3
Let o be 4 + -1 - (-3 + 1). Suppose 0 = 5*x + 20, 0 = -f - 0*f - o*x + 11. What are the prime factors of f?
31
Suppose -5*l = 2*y - 302, 4*y + 2*l = -y + 713. What are the prime factors of y?
3, 47
Suppose -5*f + 90 = 5*p, 2*f = 3*f + 4*p - 18. Let r = 7 + -3. Suppose -27 = -3*d - r*m, -2*d - m - 2*m + f = 0. List the prime factors of d.
3
Suppose 0 = 3*a - 2*a - 4. List the prime factors of a.
2
Let r(a) = 2*a - 5. Let j be r(8). Let g(u) = 2*u - 10. What are the prime factors of g(j)?
2, 3
Suppose 4*v + 3 = v. Let p be (-5)/(-1) + 0 + v. Suppose -5*f = p*a - 55, 4*f = -2*a - 2*a + 48. What are the prime factors of f?
7
Let u(c) = 6*c**2 + 5*c. What are the prime factors of u(3)?
3, 23
List the prime factors of -1 + 1 + (-20)/(-1).
2, 5
Let h = -8 + 18. Let k = 1 + 1. What are the prime factors of (k/5)/(2/h)?
2
Suppose 22 = 3*r - 5. Let b = -1 + r. Suppose 4*l - b*l = -8. What are the prime factors of l?
2
Let d = 91 + -39. Suppose q + 2*r = 14, -7*q + d = -3*q + 4*r. List the prime factors of q.
2, 3
Let f = -44 + -5. Let s = f + 85. Suppose s = -g + 5*g. What are the prime factors of g?
3
List the prime factors of (3 - 3 - -98)/2.
7
Let s(q) be the first derivative of -q**4/4 - 2*q**3/3 + q**2/2 - 4*q - 1. List the prime factors of s(-3).
2
Let s be (0/(-2))/(8 + -6). Let w(x) = -2*x + s*x**3 - 9*x**2 + x**3 - 6*x - 8. What are the prime factors of w(10)?
2, 3
Let z be -6 + 4 + 0 - -6. Suppose 3*n = 5*y - 140, 4*y + n = z*n + 115. What are the prime factors of y?
5
Let s(n) = -n + 13. Let t be s(12). List the prime factors of (-14)/(-1) - 2/t.
2, 3
Let h = -35 + 128. What are the prime factors of h?
3, 31
Suppose -d + 5*h + 18 = 0, 3*d = d - 2*h. Suppose 0*s = d*s - 60. List the prime factors of s.
2, 5
Let t(m) = m**2 - 3*m - 4. Let j be t(4). Let a be 0 - (54/(-2) + 0). Suppose 0 = -j*s + 3*s - a. List the prime factors of s.
3
Let r(h) = -h**3 - 6*h**2 - 2*h + 6. Let k be r(-5). Let i(w) = -w. What are the prime factors of i(k)?
3
Suppose 6 = z - 0. List the prime factors of z.
2, 3
Let q(k) = k**2 + 3*k + 7. List the prime factors of q(-10).
7, 11
Let f(k) = k**3 - 7*k**2 + 1. Let q be f(6). Let w = q + 49. Suppose -4 = 2*d - w. What are the prime factors of d?
5
Suppose -4*p = -0*p + 32. Let l be p/6*(-12)/8. List the prime factors of l/(-3)*(-27)/2.
3
Let o(j) = j**2 + 6*j + 2. Suppose 0 = 2*t + 12. Let f be o(t). Suppose -29 = -f*s - 3*n, 5 = -3*s + n + 21. List the prime factors of s.
7
Suppose -5*s = -62 + 22. Let f = s - 6. Let t(o) = -o**2 + 4*o. List the prime factors of t(f).
2
Suppose 3*o = -130 + 307. What are the prime factors of o?
59
Suppose 3*p + 5*k = -1, 2*p + 0*k - 3*k = 12. Suppose 3*b + 3 = 5*u - 0, -4*